 k(v).
2
Suppose -k = -2*k + 34. Let o(s) = s - 7. Let r be o(8). Suppose i = d - r + 15, 5*i - k = -4*d. List the prime factors of i.
2, 5
What are the prime factors of ((-17)/(-4))/(2/8)?
17
Let c = 2 + 10. Suppose -4*b = -2*b - c. List the prime factors of b.
2, 3
What are the prime factors of -5*(-17 - 15/(-5))?
2, 5, 7
Let m(y) = y**2 - 6*y + 32. List the prime factors of m(-12).
2, 31
Let m = 10 + -10. Suppose 5*y - 4*y = m. Let a = y + 6. What are the prime factors of a?
2, 3
Let q be 0 + -2 + 7*2. Suppose -g - 3*g + q = -t, 3*t + 12 = 4*g. Suppose g*i + 1 = 5*d + 7, 3*i - d = 6. What are the prime factors of i?
2
Let w(r) be the first derivative of -r**4/4 - 11*r**3/3 + 5*r**2 - 16*r + 5. List the prime factors of w(-12).
2
Let w(y) = y**3 + 9*y**2 - 13*y - 10. Let j be w(-9). Suppose 4*x + 92 = t, -4*x - 3*t - j + 15 = 0. Let s = x - -32. What are the prime factors of s?
3
List the prime factors of 1/(2/231) + 8/(-16).
5, 23
Let w(r) be the first derivative of -2*r + r**3 - 1/4*r**4 + 0*r**2 - 3. List the prime factors of w(2).
2
Let s = 906 + -565. What are the prime factors of s?
11, 31
Suppose 5*o - 90 = -0*o. What are the prime factors of o?
2, 3
Suppose -4*g = c + 5 - 18, -5*c - g + 46 = 0. Suppose -6 = 6*f - c*f. What are the prime factors of f?
2
Let g(z) = 2*z**2 - 2*z. Let a = 0 - 4. List the prime factors of g(a).
2, 5
Let b(m) = m**2 + 3*m - 7. Let p be b(-5). Suppose 2*t - 7*l + p*l - 4 = 0, -l = -t + 7. List the prime factors of t.
2, 3
Let t(s) = -3*s - 14. Let x be t(-10). Suppose 139 = 5*u - x. What are the prime factors of u?
31
Suppose -z + 46 = -46. Let n = 155 - z. Suppose 4*p - q = n, -q - 43 = -3*p + 4*q. List the prime factors of p.
2
Let q(m) = m**3 - 6*m**2 - 10*m - 1. Let u be q(8). Suppose 3*d = -3*h - h + 23, -3*d = -2*h - u. Let z = 1 + d. List the prime factors of z.
2, 7
Let a be (-33)/(-9) + 1/3. Suppose -x + a*b + 142 = 4*x, -4*b = -2*x + 52. List the prime factors of x.
2, 3, 5
Let k be 11/2*(-2)/(-1). List the prime factors of (-4)/(-3 + 31/k).
2, 11
Let s = -1 + 3. Suppose s*j = -0*j + 6. Suppose 0 = 4*b - 2*c - j*c - 49, -c + 43 = 4*b. What are the prime factors of b?
11
Suppose -6*y = -y - 45. What are the prime factors of y?
3
Let y(i) = 7*i - 1. Let s be y(-2). List the prime factors of (-1)/(33/s + 2).
5
Let v(p) = -p**3 - 4*p + 2. Let r(a) = a**3 + a**2 + 3*a - 3. Let q(c) = -5*r(c) - 4*v(c). Let n be q(-5). What are the prime factors of 9 - ((-1)/1 + n)?
2
Let f = 32 + -13. List the prime factors of f.
19
Let y(c) = -2*c**2 - c - 1. Let r be y(-2). Let l = 12 + r. Let s(f) = f**3 - 4*f**2 - 4*f + 5. What are the prime factors of s(l)?
2, 5
Suppose -5*n = -5*g + 45, 5*g - 15 - 14 = -3*n. Suppose -5*o + 9*o + 100 = 0. List the prime factors of g/(-14) + o/(-2).
2, 3
List the prime factors of (1 - 16)*24/(-40).
3
Let g = 23 + 19. List the prime factors of g.
2, 3, 7
Let v = -17 + 13. Let b(m) = m**3 + 4*m**2 - 2*m - 6. What are the prime factors of b(v)?
2
Let v(w) = -w**3 - 6*w**2 - 7*w - 6. Let s be v(-5). Suppose -t = 1 - s. Suppose t*o - 3 = -c + 8, 4*c - 5*o = 61. What are the prime factors of c?
2, 7
Suppose 0 = -4*k + k. Suppose k = a + 2*a - 9. Let u = a + 4. List the prime factors of u.
7
Suppose -4*w = -16, -2*u + 3*w + 42 = u. Let k = u + 4. What are the prime factors of k?
2, 11
List the prime factors of 31/217 + (-13)/(-7).
2
List the prime factors of (-1)/((8/(-26))/4).
13
Let t be (-7)/(-5) - (-2)/(-5). List the prime factors of 64/12 - t/3.
5
Suppose -4 = -3*i + i. Suppose -5*u = -5*w - 55, i*w = -1 - 1. List the prime factors of u.
2, 5
Let p = -10 - -26. Suppose -5*n + 54 + p = 0. List the prime factors of n.
2, 7
Suppose 63 = -3*x - 0*x. What are the prime factors of 158/4 + x/14?
2, 19
Let s = 17 + -14. Suppose -s*b - 70 = -5*b. List the prime factors of b.
5, 7
Let s(x) = 2*x - 6. Let c be s(5). Suppose -c*f + 89 - 13 = 0. What are the prime factors of f?
19
Suppose 3*g + 15 = 3*y, -5*y - g + 19 = -4*g. Suppose -j - 10 = x, -4*x = x + y*j + 35. Let u = 14 + x. List the prime factors of u.
3
Let f(q) = -q**2 - 3 + 6 - 5*q**3 + 2*q - q**3. List the prime factors of f(-2).
43
Let n be (96/(-10))/(1/(-5)). What are the prime factors of (3/(-4))/((-4)/n)?
3
Let x be 0 + -3*(-4)/(-3). Let n(g) = -g**3 - 4*g**2 - g - 5. Let z be n(x). What are the prime factors of (14/4)/(z/(-2))?
7
Suppose -y + i + 0 + 1 = 0, 2*i = 5*y - 8. Suppose y*s = 38 - 6. What are the prime factors of s?
2
Suppose 8 = -y - 5*d, 0*y + 2*y + 2*d = 0. Let h(m) = -m**2 + 6*m - 2. Let n be h(4). Let l = n - y. List the prime factors of l.
2
Suppose -5 = 2*i + 5. Let a = i + 2. Let d(p) = -3*p - 1. List the prime factors of d(a).
2
Suppose 2*d + 5*i - 3 = 16, 0 = 5*d - 4*i - 64. List the prime factors of d.
2, 3
Let d(s) = 60*s + 4. What are the prime factors of d(2)?
2, 31
Let g(j) = -2*j**2 + 11*j + 4. Let z be g(6). Let o = -6 + 10. Let x = o - z. List the prime factors of x.
2, 3
Let p = 4 + -4. Suppose 0*r - 2*r + 6 = p. Suppose 7 = -r*v + 28. List the prime factors of v.
7
Let a(j) = j**3 + 3*j**2 + 2*j + 2. Let d be a(-2). Suppose -8 = -s - 2*b, -4*s = -5*b - d - 43. List the prime factors of s.
2, 5
Suppose 0 = 3*r + r - 12. Suppose -r*n = n - 176. Suppose 3*l + l = n. What are the prime factors of l?
11
Let g = 5 - 9. Let z be (6/(-1))/(6/g). Suppose -5*b + 11 = -z. List the prime factors of b.
3
Let q = -21 - -123. List the prime factors of q.
2, 3, 17
Suppose -2*r + 7*r + 85 = m, 0 = 3*m - 2*r - 203. Let o = -30 + m. What are the prime factors of (-37)/(-7) - 10/o?
5
Let z(q) = q + 8. Let l be z(-6). Let c be 1/(l/(1 + 35)). Suppose -c = -h - u, -5*u + 6 - 42 = -4*h. List the prime factors of h.
2, 7
Suppose -3*q + 0*q = 15. Let y(k) = 2*k**2 + 5*k - 6. What are the prime factors of y(q)?
19
Let n be 2/(-3) - 2338/(-6). Let i be (-12)/(-16) - n/(-4). List the prime factors of (-4)/(-20) - i/(-10).
2, 5
Let v = 0 - -3. Suppose 0 = t - v - 3. What are the prime factors of t?
2, 3
Suppose -22 = -3*w - 5*c + 389, 0 = -2*w + 2*c + 258. List the prime factors of w.
2, 3, 11
Let m(g) = 84*g**2. List the prime factors of m(-1).
2, 3, 7
Suppose -4*p = -i + 5*i - 32, -p + 14 = 4*i. Let t = 0 + p. List the prime factors of t.
2, 3
Let d(q) = q**2 + 8*q + 3. Suppose 0 = 2*a + 5*l - 6, 3 = -l - 1. Suppose 3*w = -2*m - a, 5*m + 6*w - w = -35. List the prime factors of d(m).
3
List the prime factors of 3*(-8)/12*(-30)/4.
3, 5
Let u(n) = 1 + 3 + 3 + 8*n - 2*n**2 + n**2. List the prime factors of u(5).
2, 11
Let l(h) = -h + 18. What are the prime factors of l(-13)?
31
Suppose 0 = b + 4*b. Suppose 5*p = -0*p + 4*f + 2, -5*p + f + 8 = b. Suppose -3*t - 3*c + 24 = 0, 3*t - c - 34 = -p. List the prime factors of t.
2, 5
Let r(x) = -x**2 + x + 2. Let n be ((-4)/(-7))/(8/28). Let o be (-3 - -3)/(n + -1). List the prime factors of r(o).
2
Let q(w) = w + 20. Let z be q(0). Let t(y) = -y**3 - 5*y**2 - y + 2. Let s be t(-3). Let r = s + z. What are the prime factors of r?
7
Let j = 15 - 35. Let q = 5 - j. What are the prime factors of q?
5
Let h = 45 - 26. Suppose -v = b - 1, 2*v - 7*v + 2*b = -h. List the prime factors of (1/v)/(1/27).
3
List the prime factors of (4/(-6))/(2/(-177)).
59
Let p(j) = j**3 + 10*j**2 + 8*j + 7. Let n be p(-9). Let f be 3/((-6)/n) + -1. What are the prime factors of (f/(-3))/((-2)/(-2))?
3
Let a = -10 + 6. Let u be ((-12)/a)/(3/4). Suppose 14 = u*c + 2. List the prime factors of c.
3
Suppose 65 + 54 = 7*q. List the prime factors of q.
17
Let u(g) = g**2 - 3*g + 3. Suppose 5*x = -a + 8, 4*a + 0 = 4*x + 8. Let y be u(a). Let r = -1 + y. What are the prime factors of r?
2
Let n = 57 - 35. Suppose n = -r + 5*c, -2*c = -3*r - 2 + 1. Suppose 2*g - 32 = -r*x, 0 = -5*g + 3*x + 1 + 58. What are the prime factors of g?
13
Let t(n) = 2*n + 0*n - 1 - 2*n**2 + n + 4*n**3 - 1. Let o be t(3). Suppose 5*w - 2*s - o = 0, -4*w = 4*s - 18 - 54. What are the prime factors of w?
19
Suppose z - 6*t = -2*t + 24, -t = -5*z + 25. What are the prime factors of z?
2
Let z(f) = -f**3 - 4*f**2 + f + 7. What are the prime factors of z(-7)?
3, 7
Let p(m) = 3*m**2 + 2*m + 96. What are the prime factors of p(0)?
2, 3
Let w be (4/6)/((-3)/(-18)). Suppose -w*a - 8 = -2*s, 0 = -2*a - 3*a - 5. Suppose v - 7 + s = 0. What are the pr